s 46877 prime?
True
Is 6469 prime?
True
Is 1481 a prime number?
True
Is 3341 prime?
False
Is 271211 prime?
True
Is 1657 a prime number?
True
Is 3063253 composite?
False
Is 12373 a composite number?
False
Is 31769 prime?
True
Is 92843 a prime number?
False
Is 27029 prime?
False
Is 1851497 composite?
True
Is 83203 a prime number?
True
Is 554339 a composite number?
True
Is 39499 prime?
True
Is 12847 prime?
False
Is 28839 a composite number?
True
Is 44381 a composite number?
False
Is 6733 composite?
False
Is 229791 prime?
False
Is 759089 a composite number?
False
Is 728461 a prime number?
False
Is 76211 a prime number?
False
Is 2101 a composite number?
True
Is 7142 composite?
True
Is 2951569 a prime number?
True
Is 50753 a prime number?
True
Is 587 prime?
True
Is 104303 prime?
False
Is 44351 a composite number?
False
Is 116251 a prime number?
False
Is 12131 a prime number?
False
Is 4493 prime?
True
Is 5381 a composite number?
False
Is 3161 prime?
False
Is 2777 a composite number?
False
Is 45233 a prime number?
True
Is 1182773 a prime number?
False
Is 86369 a prime number?
True
Is 35611 prime?
False
Is 67973 prime?
False
Is 3857273 a composite number?
True
Is 205759 composite?
False
Is 152447 a composite number?
True
Is 818 a prime number?
False
Is 10981 prime?
False
Is 19813 a prime number?
True
Is 378349 a prime number?
False
Is 249455 a prime number?
False
Is 77641 composite?
False
Is 333818 prime?
False
Is 1314379 a composite number?
True
Is 128543 composite?
True
Is 39041 a composite number?
False
Is 191861 prime?
True
Is 52565 a composite number?
True
Is 4637 composite?
False
Is 114011 composite?
True
Is 1711 a prime number?
False
Is 25013 a composite number?
False
Is 286809 a composite number?
True
Is 16357 a composite number?
True
Is 127807 prime?
True
Is 164785 composite?
True
Is 1770623 composite?
True
Is 1769 a composite number?
True
Is 12115 prime?
False
Is 34583 a composite number?
False
Is 1989019 prime?
True
Is 10453 composite?
False
Is 667915 a composite number?
True
Is 328529 prime?
False
Is 105137 prime?
True
Is 49097 a composite number?
True
Is 14143 prime?
True
Is 59851 a composite number?
True
Is 16879 composite?
False
Is 38999 composite?
True
Is 451289 prime?
False
Is 36671 a prime number?
True
Is 216829 prime?
True
Is 236473 a prime number?
False
Is 819563 a composite number?
False
Is 5893 a composite number?
True
Is 113345 composite?
True
Is 260815 a composite number?
True
Is 541267 composite?
False
Is 66427 prime?
False
Is 7141 prime?
False
Is 95543 composite?
True
Is 1286773 composite?
False
Is 17002 a composite number?
True
Is 49597 a composite number?
False
Is 29615 composite?
True
Is 141061 composite?
False
Is 6737 a composite number?
False
Is 122821 composite?
True
Is 52513 prime?
False
Is 6769 composite?
True
Is 606145 a prime number?
False
Is 6087 a prime number?
False
Is 38953 a prime number?
True
Is 257 prime?
True
Is 188519 composite?
False
Is 232411 a prime number?
True
Is 41597 a prime number?
True
Is 1126867 composite?
True
Is 23271 a prime number?
False
Is 54949 composite?
False
Is 35726 prime?
False
Is 127709 a composite number?
False
Is 194603 composite?
True
Is 4751 a composite number?
False
Is 21433 a composite number?
False
Is 7054 prime?
False
Is 2467 a prime number?
True
Is 27667 a composite number?
True
Is 154561 a composite number?
True
Is 46789 composite?
True
Is 695 a composite number?
True
Is 64661 a composite number?
False
Is 166823 composite?
False
Is 99001 a composite number?
True
Is 331685 a composite number?
True
Is 2827 prime?
False
Is 6847 prime?
False
Is 72589 a prime number?
False
Is 2777 a composite number?
False
Is 36734 prime?
False
Is 15307 prime?
True
Is 464041 prime?
False
Is 55429 composite?
True
Is 57943 a composite number?
False
Is 8907595 a prime number?
False
Is 1079 composite?
True
Is 317899 prime?
False
Is 1083477 prime?
False
Is 1139431 a prime number?
False
Is 4561 composite?
False
Is 19547 composite?
True
Is 42557 prime?
True
Is 294127 prime?
True
Is 52103 a prime number?
True
Is 787487 prime?
False
Is 193169 a prime number?
False
Is 76181 a prime number?
False
Is 13151 prime?
True
Is 1901 a prime number?
True
Is 840965 a composite number?
True
Is 115643 a prime number?
False
Is 1151 a composite number?
False
Is 868613 a composite number?
False
Is 515131 a composite number?
True
Is 895 prime?
False
Is 27137 a composite number?
True
Is 9998 composite?
True
Is 75419 a composite number?
True
Is 6469 a composite number?
False
Is 87881 a prime number?
True
Is 70869 composite?
True
Is 164471 a composite number?
False
Is 45335 a prime number?
False
Is 35473 prime?
False
Is 75683 prime?
True
Is 34939 a prime number?
True
Is 137761 a composite number?
True
Is 19709 a prime number?
True
Is 666343 a prime number?
False
Is 661321 a prime number?
True
Is 324595 composite?
True
Is 91 a prime number?
False
Is 44153 a composite number?
True
Is 30353 a prime number?
False
Is 45481 a composite number?
False
Is 24359 composite?
False
Is 988801 a composite number?
True
Is 144721 a composite number?
True
Is 7621 prime?
True
Is 10483 prime?
False
Is 3165853 composite?
False
Is 374947 a composite number?
True
Is 69371 a composite number?
False
Is 62417 prime?
True
Is 55967 composite?
False
Is 37429 prime?
False
Is 2149 a composite number?
True
Is 1998013 composite?
True
Is 1217 prime?
True
Is 1437361 a prime number?
False
Is 5779 a composite number?
False
Is 3989 a prime number?
True
Is 517367 a prime number?
True
Is 66271 a composite number?
False
Is 1488895 a prime number?
False
Is 8861 prime?
True
Is 1441763 a composite number?
True
Is 7621 a prime number?
True
Is 90957 composite?
True
Is 79293 a prime number?
False
Is 15859 a composite number?
False
Is 7993 a composite number?
False
Is 11311 composite?
False
Is 36341 a composite number?
False
Is 9587 a prime number?
True
Is 11035 a prime number?
False
Is 187937 composite?
True
Is 78427 prime?
True
Is 2707 a prime number?
True
Is 19553 a prime number?
True
Is 11863 a prime number?
True
Is 16078 a prime number?
False
Is 100603 a composite number?
True
Is 10663 a composite number?
False
Is 47287 composite?
False
Is 7121 prime?
True
Is 237011 a composite number?
False
Is 39481 a composite number?
True
Is 287509 a composite number?
True
Is 20671 composite?
True
Is 111821 a composite number?
False
Is 32779 prime?
True
Is 49835 a prime number?
False
Is 105743 composite?
True
Is 2229167 composite?
False
Is 222931 composite?
False
Is 508727 a prime number?
True
Is 222059 a composite number?
False
Is 1217 a prime number?
True
Is 15259 prime?
True
Is 26591 prime?
True
Is 41159 composite?
True
Is 101377 prime?
True
Is 1702219 prime?
True
Is 1049 prime?
True
Is 1003 composite?
True
Is 162753 prime?
False
Is 9601 a prime number?
True
Is 62939 a composite number?
False
Is 2207033 a composite number?
False
Is 1601 prime?
True
Is 2119829 prime?
True
Is 9293 a prime number?
True
Is 63373 composite?
True
Is 97649 composite?
False
Is 109379 a prime number?
True
Is 111301 a composite number?
False
Is 2962 composite?
True
Is 364345 a prime number?
False
Is 119107 a composite number?
False
Is 144511 prime?
True
Is 283807 a composite number?
False
Is 506053 composite?
True
Is 736735 a composite number?
True
Is 84815 a composite number?
True
Is 127913 prime?
True
Is 176767 composite?
True
Is 3787 composite?
True
Is 290449 a prime number?
False
Is 115459 a composite number?
False
Is 7069 prime?
True
Is 2186215 prime?
False
Is 1345963 prime?
False
Is 35039 a composite number?
True
Is 7069 prime?
True
Is 23357 a prime number?
True
Is 68033 composite?
True
Is 30617 a composite number?
True
Is 54521 a prime number?
True
Is 45169 composite?
True
Is 41059 composite?
True
Is 83117 a composite number?
False
Is 299053 composite?
False
Is 147703 prime?
True
Is 1318 prime?
False
Is 128671 prime?
False
Is 157 prime?
True
Is 329053 a prime number?
True
Is 37 a prime number?
True
Is 1667131 a prime number?
True
Is 1632037 a prime number?
False
Is 229927 a prime number?
False
Is 416387 a prime number?
True
Is 7427 composite?
True
Is 2854 a prime number?
False
Is 40249 a prime number?
False
Is 269981 a prime number?
True
Is 2474929 composite?
False
Is 16222 a prime number?
False